osite?
False
Is 5341211 a composite number?
True
Is 3980701 a composite number?
True
Is 1328376593 a prime number?
True
Is 130645237 prime?
False
Is 46342717 prime?
True
Is 20136053 a prime number?
False
Is 54951571 prime?
False
Is 647687 a prime number?
True
Is 2612609 a prime number?
False
Is 1035334543 a prime number?
True
Is 11120729 a composite number?
True
Is 89144267 a prime number?
True
Is 2125099 prime?
True
Is 49584001 a composite number?
False
Is 198338921 prime?
False
Is 68798413 a composite number?
True
Is 118096691 composite?
False
Is 8480089 composite?
False
Is 146891 prime?
True
Is 3291437 composite?
False
Is 2485151 a composite number?
True
Is 601285237 composite?
True
Is 30592021 prime?
True
Is 50289839 a prime number?
True
Is 64568201 composite?
True
Is 5813635 composite?
True
Is 6739279 a prime number?
True
Is 1114195 composite?
True
Is 958921 composite?
False
Is 11068079 composite?
True
Is 163788439 a composite number?
False
Is 17899795 a prime number?
False
Is 349637 prime?
True
Is 4181095 a prime number?
False
Is 25308571 a prime number?
True
Is 16046263 a prime number?
True
Is 647518211 a prime number?
False
Is 4278257 a composite number?
False
Is 2262433357 a prime number?
True
Is 1180799 composite?
False
Is 3718937 prime?
False
Is 347757431 a prime number?
False
Is 26573489 a composite number?
False
Is 152404013 a composite number?
False
Is 965047 prime?
True
Is 30910195 a composite number?
True
Is 11317895 a prime number?
False
Is 83795269 a prime number?
False
Is 6678491 a composite number?
False
Is 3327838 prime?
False
Is 1231453 a composite number?
False
Is 36721757 a prime number?
True
Is 5849269 a composite number?
False
Is 46589 prime?
True
Is 19126507 composite?
False
Is 107375857 a prime number?
True
Is 8867909 a composite number?
False
Is 328328249 composite?
False
Is 147677 composite?
True
Is 96684919 composite?
False
Is 3058219 composite?
False
Is 39212157 a prime number?
False
Is 24368027 prime?
False
Is 2599547 a composite number?
True
Is 32955011 prime?
False
Is 21587837 composite?
False
Is 8039987 a prime number?
True
Is 10016323 a prime number?
True
Is 23966677 a prime number?
False
Is 10629547 prime?
False
Is 2424427 prime?
True
Is 201000314 a composite number?
True
Is 1930454 composite?
True
Is 23786391 a composite number?
True
Is 5034619 composite?
True
Is 12637297 composite?
False
Is 61532173 composite?
False
Is 15670139 a prime number?
False
Is 149351 a prime number?
True
Is 52512951 a composite number?
True
Is 8942039 a composite number?
False
Is 2757743 prime?
True
Is 6288141 a composite number?
True
Is 2261009 prime?
True
Is 273349 composite?
False
Is 4200514 composite?
True
Is 4080701 composite?
True
Is 12496723 a prime number?
True
Is 15459007 a composite number?
True
Is 517806907 a prime number?
True
Is 7254673 a prime number?
True
Is 4669549 prime?
True
Is 94441813 composite?
True
Is 285872053 prime?
False
Is 90773651 a prime number?
False
Is 514309 prime?
True
Is 122819 a prime number?
True
Is 53129831 prime?
False
Is 25640729 composite?
False
Is 252775739 a composite number?
False
Is 1723481 a composite number?
False
Is 380689 a prime number?
False
Is 875140895 a prime number?
False
Is 575747 a prime number?
True
Is 53583989 prime?
True
Is 348949013 composite?
True
Is 109387546 prime?
False
Is 329664779 prime?
False
Is 13933567 a composite number?
True
Is 64245109 a prime number?
False
Is 725189 composite?
False
Is 164709697 prime?
False
Is 56363917 a prime number?
True
Is 293143637 a composite number?
True
Is 168237067 composite?
True
Is 34119131 composite?
False
Is 84032617 a composite number?
False
Is 1297969 prime?
False
Is 12702193 a composite number?
True
Is 941917 prime?
False
Is 1160711 a prime number?
False
Is 10268539 a composite number?
False
Is 71048483 a prime number?
False
Is 45387359 a prime number?
True
Is 8496277 composite?
True
Is 2661013 prime?
True
Is 14253197 composite?
True
Is 30940121 a prime number?
False
Is 6785789 a composite number?
True
Is 141832801 prime?
False
Is 2801599 composite?
False
Is 342187333 prime?
False
Is 79917431 a prime number?
False
Is 1499928793 prime?
False
Is 49896049 a prime number?
False
Is 47856019 a composite number?
False
Is 26761199 a prime number?
True
Is 11197 a composite number?
False
Is 14704433 a prime number?
True
Is 19746379 prime?
False
Is 27272269 a prime number?
False
Is 14086573 a composite number?
False
Is 2020841 composite?
True
Is 1894727 composite?
False
Is 33102233 prime?
True
Is 212141 a composite number?
False
Is 29955359 composite?
True
Is 442931 composite?
True
Is 112464269 prime?
True
Is 14857351 prime?
True
Is 285599 a prime number?
True
Is 92614573 composite?
True
Is 22074785 a composite number?
True
Is 48014117 prime?
True
Is 354637681 prime?
False
Is 10008769 a composite number?
False
Is 212216803 a prime number?
False
Is 1960073 composite?
True
Is 26921409 prime?
False
Is 20010467 prime?
True
Is 29829895 a prime number?
False
Is 3847199 prime?
False
Is 32133713 a composite number?
True
Is 3498269 prime?
False
Is 60813257 a prime number?
True
Is 3580441 prime?
True
Is 1727563 prime?
True
Is 819259 composite?
True
Is 91081061 a composite number?
True
Is 147840013 prime?
True
Is 361303237 composite?
False
Is 64339267 a composite number?
False
Is 17914051 a prime number?
False
Is 23418091 a prime number?
True
Is 2792827 a prime number?
True
Is 17679757 a composite number?
True
Is 13047 composite?
True
Is 888367 a prime number?
False
Is 8047867 a prime number?
False
Is 136811 a composite number?
False
Is 80800807 composite?
True
Is 35687683 prime?
True
Is 10898911 a composite number?
False
Is 145082479 a composite number?
False
Is 473468183 a prime number?
True
Is 4906301 composite?
False
Is 5169893 a prime number?
True
Is 63442009 a composite number?
False
Is 1049021 composite?
True
Is 42516359 a prime number?
True
Is 2118929 prime?
False
Is 46222661 a prime number?
True
Is 10329397 a composite number?
True
Is 43021591 composite?
True
Is 92187863 prime?
True
Is 5820287 a composite number?
True
Is 20063137 prime?
True
Is 4777138 a composite number?
True
Is 11010661 prime?
True
Is 3471107 a composite number?
True
Is 951397 a prime number?
False
Is 17835299 a composite number?
True
Is 1074329 prime?
True
Is 10668473 composite?
True
Is 477789359 composite?
True
Is 145703 a composite number?
False
Is 3102599 prime?
False
Is 91600931 a prime number?
False
Is 454673 a prime number?
True
Is 2089733 prime?
False
Is 28765493 composite?
True
Is 64545157 a prime number?
True
Is 1327091 a prime number?
True
Is 148706941 prime?
True
Is 6131821 prime?
True
Is 60282381 composite?
True
Is 10083961 composite?
True
Is 17378087 a prime number?
False
Is 632217217 composite?
False
Is 3118807 composite?
False
Is 6355021 a composite number?
True
Is 1996219 a prime number?
True
Is 3796649 prime?
True
Is 1723177 a prime number?
True
Is 405554 composite?
True
Is 6294107 a prime number?
False
Is 445567933 a composite number?
False
Is 143613401 composite?
True
Is 891083 a composite number?
True
Is 75941219 composite?
False
Is 21792899 composite?
False
Is 44513641 prime?
True
Is 163643135 a prime number?
False
Is 2331557 a composite number?
False
Is 58837271 a composite number?
False
Is 51668863 composite?
False
Is 19389677 a composite number?
True
Is 3498739 composite?
False
Is 4708913 prime?
False
Is 309560663 a composite number?
False
Is 8010614 prime?
False
Is 958153 composite?
True
Is 70640221 a prime number?
False
Is 100357 a composite number?
False
Is 43953661 a composite number?
False
Is 35247857 a composite number?
False
Is 796225354 a prime number?
False
Is 46386271 prime?
False
Is 73134851 prime?
False
Is 3402419 a composite number?
True
Is 3828589 prime?
True
Is 42692537 composite?
True
Is 495171385 a prime number?
False
Is 1000136863 a prime number?
False
Is 8491019 a composite number?
True
Is 445619 a composite number?
False
Is 8654747 composite?
True
Is 211681307 prime?
True
Is 458615213 a composite number?
True
Is 16457521 a prime number?
False
Is 84527591 composite?
True
Is 16690601 prime?
False
Is 192905491 a prime number?
False
Is 81772667 a prime number?
True
Is 54425353 a prime number?
False
Is 1589515 prime?
False
Is